s - 138 - a. List the prime factors of s.
11, 13
Let q(i) = -4*i - 7. Let b(k) = -3 - k**3 - 2 - 7 + k**2 + 2 + 8*k. Let l be b(3). What are the prime factors of q(l)?
3
Suppose -96027 = 16*p - 19*p + 3*h, 0 = -p + 5*h + 31993. List the prime factors of p.
3, 3557
Let d = 6149 + 13422. List the prime factors of d.
19571
List the prime factors of -16*31/(-124) - 8403*-3.
19, 1327
Suppose 27*p - 139652 = -5219. What are the prime factors of p?
13, 383
List the prime factors of -44454*(-39)/78 - 2*(-2)/(-4).
2, 11113
Suppose -5*x + 4 = -x, 2*p - x = 241. Let t = p + 48. What are the prime factors of t?
13
Suppose -22*p + 51*p = 191110. What are the prime factors of p?
2, 5, 659
Let c(u) = -u**3 + u**2 - u. Let z be c(0). Let x(y) = 63 + 1064*y - 1063*y + 60 + 13. List the prime factors of x(z).
2, 17
Suppose 5*d = -10, -4*k + d = 4*d - 26. List the prime factors of (-23721)/(-24) - (549/(-72) + k).
2, 13, 19
Suppose 2*h + 6 = 0, 4*a - 2*h + 11244 = 87166. What are the prime factors of a?
18979
Suppose 29*a - 17*a - 62482 = 61010. List the prime factors of a.
41, 251
Let k = 1331 - 859. Suppose 3*b - k = b. Suppose -13*y = -9*y - b. List the prime factors of y.
59
Let j(b) = -b**3 - 32*b**2 - 42*b + 25. Let v be j(-30). Let p = 1056 + v. List the prime factors of p.
541
Let z = 29683 - 9127. What are the prime factors of z?
2, 3, 571
Let p = -2556 - -15235. What are the prime factors of p?
31, 409
Let l be (1 + 0 - -3) + -1. Suppose 118*o - 8789 = 4191. Suppose o = l*c - 19. What are the prime factors of c?
43
Let h be (-1)/(-1) - (-2)/(-2). Suppose q = -h*q - 2. What are the prime factors of q/(-6)*3 - (-15 + -2)?
2, 3
Let i(h) = -58 - 82*h + 23 - 12. What are the prime factors of i(-10)?
773
Suppose 346*u + 341*u = 690*u - 175875. What are the prime factors of u?
5, 7, 67
Suppose p - 938 = -4*h - p, 4*h - 5*p - 973 = 0. Let y = -211 + h. List the prime factors of y.
2, 13
Let l be (-159)/12 + -1 - 2/(-8). Let p(y) = -16*y - 4. Let m be p(l). Let t = 355 - m. What are the prime factors of t?
3, 5
Let v(j) = -j**2 - 9*j + 5. Let u(p) = 2*p**2 + 3*p - 9. Let x be u(0). Let o be v(x). What are the prime factors of (-4)/26 - (o + 5750/(-26))?
2, 3
Suppose -115858 - 36098 = -63*c. List the prime factors of c.
2, 3, 67
Let o(n) = -n**2 + 4*n - 3. Let r be o(4). Let x be (0 + -2 + 5)*146/r. Let z = x + 222. List the prime factors of z.
2, 19
Suppose -1184 = -4*q - 4*j, 0*q + 890 = 3*q + 4*j. Suppose 5*u = -10, -1864 = -5*t - u + q. What are the prime factors of t?
2, 3
Suppose -5*y + 341 = -824. Let z be (0 - (2 + -19)) + (-20)/(-10). Suppose 4*j - y = z. What are the prime factors of j?
3, 7
Suppose 4*l - 12 = -0*l. Let d be (-14)/(-7) + -3 + l*-41. Let n = d + 223. What are the prime factors of n?
3, 11
Let y(z) = -2*z**3 - 8*z**2 - 11*z - 50. Let x be y(-8). Suppose -178 + x = 3*r. What are the prime factors of r?
2, 31
Suppose -2094 = -6*v - 108. Suppose 2*k + 0*k = -5*i + 146, 5*k - v = -4*i. List the prime factors of k.
3, 7
Suppose -4*y - 3*s + 7*s = 0, -4*y + 2*s + 6 = 0. Let t = 159 + -162. List the prime factors of 134 + 1 + 1 + t + y.
2, 17
List the prime factors of 4 - (-186849)/63 - (-42)/(-49).
2969
Let l be (6*27/(-30))/(6/(-270)). Suppose j = x + 213, -2*j + j = 5*x - l. Let r = 400 - j. List the prime factors of r.
2, 7, 13
Suppose s + 214*g - 218*g = 10840, 2*s - 21722 = g. What are the prime factors of s?
2, 7, 97
Let w be 3 - (-3 + 4/1). Suppose 0 = o + o + w, 0 = 3*q + 2*o - 4. Let d(k) = 6*k**2 + 5*k - 1. List the prime factors of d(q).
3, 11
Let y = 5006 + -5109. Let d(b) = -4*b**3 + 6*b**2 - 4*b + 5. Let s be d(4). Let v = y - s. What are the prime factors of v?
2, 17
Let s(r) = -22*r + 175. Let b be s(-20). List the prime factors of 3 + 1 + b + -1.
2, 3, 103
Suppose -80129 = -153*v + 150*v + p, -5*v + p + 133545 = 0. List the prime factors of v.
2, 11, 607
Let b = 176 + -181. What are the prime factors of 2 - (4 - (b - (-3 + -750)))?
2, 373
Let s(n) = 32*n**3 - 4*n**2 + 3*n - 2. Let t(m) = -32*m**3 + 5*m**2 - 4*m + 2. Let h(k) = -6*s(k) - 5*t(k). What are the prime factors of h(-2)?
2, 5
Suppose 48 = -4*k + 5*y, 4*k + 12*y = 7*y - 8. Let b be 1 + -1 - (0 - -2272). What are the prime factors of b/(-28) + 1/k?
3
Let q = -35714 - -51377. List the prime factors of q.
3, 23, 227
Let x = 1 - 7. Let p(t) = -298 + 629 - 337 - 4*t. List the prime factors of p(x).
2, 3
Suppose -2*b = 4*z - 7048, 5*b + 3166 = -5*z + 11981. List the prime factors of z.
3, 587
Let v(s) = -2*s**2 + 82*s - 83. Let m be v(40). Let f(n) = 21*n**2 - 10*n - 36. List the prime factors of f(m).
3, 61
Let k(n) = 11*n - 184. Let q be k(17). Let z(m) = 11*m**3 - m**2 - m - 2. List the prime factors of z(q).
283
Suppose -2*v + 2*z = 2*v - 80, -2*v = 3*z - 24. Let h = 18 - v. Suppose -a + h*a + 115 = 0. List the prime factors of a.
5, 23
Let t = 26 + -22. Suppose -8 = -3*h - a + 8, t*h - 12 = a. Let u = 21 + h. List the prime factors of u.
5
Suppose 0 = 10*d - 5000 - 2690. Suppose 173*m + d = 174*m. List the prime factors of m.
769
Suppose 89*t = 24*t + 93950 + 106250. What are the prime factors of t?
2, 5, 7, 11
Let v = -585 + 8277. What are the prime factors of v?
2, 3, 641
Let a(k) = k**3 - 3*k**2 + 10*k + 23. Let o be a(6). Suppose 5*b + 2*h - 160 - 81 = 0, -4*b + o = h. List the prime factors of b.
47
Let u = -58296 + 117955. List the prime factors of u.
59659
Suppose o = 2*r - 1, 2*o + 3*r = -0*o + 5. List the prime factors of (o + 0)/(41/17302).
2, 211
Suppose -11970 = 11*f - 32*f + 12138. List the prime factors of f.
2, 7, 41
Let g = -201 - -206. Suppose -2*a = 4*t - 1142, 0 = -6*t + g*t - 5*a + 308. List the prime factors of t.
283
Suppose 0 = 5*m - 12*m + 4284. Let d be ((-22)/(-4) + -6)/((-2)/m). Suppose -f = 3*j - 126, -5*j + 19 = -f + d. What are the prime factors of f?
3, 43
Let i(t) = t**2 + 24*t - 44. Let z be i(-26). List the prime factors of -8*-2*2/z + 103.
107
Let q = -3361 + 5021. What are the prime factors of q?
2, 5, 83
What are the prime factors of ((-28115)/20)/((8/16)/((-16)/2))?
2, 5623
Let q(n) = 1 - 2*n**2 + 12*n**2 + n**3 + n**2 - 15*n. Let x be q(-12). Suppose 0 = v - x - 10. List the prime factors of v.
47
Let j(k) = 5695*k - 784. What are the prime factors of j(2)?
2, 5303
Let j be ((-20)/(-2))/(2/3). Let s = j + -3. List the prime factors of (18/s)/((-6)/(-64)).
2
Let z = -80 - -83. List the prime factors of ((-1)/z)/((-6)/468).
2, 13
Let b(w) = 11*w**2 + 29*w - 28. Let n be b(1). Let y be 0*(0 - 1) + 2. Suppose l - y*a = 36, -4*a + n - 40 = -l. List the prime factors of l.
2, 11
Suppose -3*m = h - 7317, 4*h - 22644 = -2*m + 6624. List the prime factors of h.
3, 271
Suppose -100*g - 7243 = -86*g - 21117. List the prime factors of g.
991
Suppose 0 = -98*u + 144*u - 335754. What are the prime factors of u?
3, 811
Suppose 2*c + 5222 = 3*a, -8*a + 6*a = 6*c - 3452. List the prime factors of a.
2, 11, 79
Suppose 55*l - 71128 = 1227092. Suppose 0 = 66*c - 5700 - l. List the prime factors of c.
2, 3, 37
Let p(w) = -761*w - 1710. What are the prime factors of p(-19)?
11, 19, 61
Suppose 234 = 14*i - i. Let a(y) = 7*y + i*y + 23 - 5*y. What are the prime factors of a(9)?
7, 29
Let d(v) = 4*v**3 + v**2 + 588*v - 134. List the prime factors of d(23).
7, 8941
Suppose 7*d - 60 = d. Let q be 6/12 - (-1835)/d. Suppose -q = 25*u - 27*u. List the prime factors of u.
2, 23
Let m = 27909 + -4683. List the prime factors of (1 + 3/(-9))/(28/m).
7, 79
Suppose 0 = 2*y - 1457 + 4697. Let g be (2/(-4))/(9/y). Suppose 8*h - g = 6*h. What are the prime factors of h?
3, 5
Let a = -36185 - -64567. List the prime factors of a.
2, 23, 617
Let s = -18965 + 37587. List the prime factors of s.
2, 9311
Let y be 1/(-7) + 8/56. Let q = 2 - y. Suppose 10 = q*g, 0*a + a - 118 = -5*g. What are the prime factors of a?
3, 31
Let r be -3 + (5/1 - (-1 + 2)). What are the prime factors of 1/(3/(-12)) + 783*r?
19, 41
Suppose -4*o = -2*h + 48, o - h + 2*h = -15. Let l = 204 + o. List the prime factors of l.
191
Suppose 0 = l - 0*t + 4*t - 36, t = 3*l - 121. Suppose 7*i = 2*i + l. What are the prime factors of (-6)/i + 2394/56?
2, 3, 7
Suppose 3*a = -a - 24. Let w be 24/16*(-4)/a. List the prime factors of ((-10)/20)/(w/(-94)).
47
Let m be 18/(-36) + (-4)/(8/(-19013)). Suppose 3*l